{"id":717,"date":"2023-12-13T11:50:27","date_gmt":"2023-12-13T10:50:27","guid":{"rendered":"https:\/\/zyczautyzmem.pl\/?page_id=717"},"modified":"2025-05-06T20:27:26","modified_gmt":"2025-05-06T18:27:26","slug":"sprawozdania-finansowe","status":"publish","type":"page","link":"https:\/\/zyczautyzmem.pl\/index.php\/sprawozdania-finansowe\/","title":{"rendered":"Sprawozdania Finansowe"},"content":{"rendered":"\n<p><a href=\"http:\/\/zyczautyzmem.pl\/wp-content\/uploads\/2025\/05\/INF-2024-Fundacja-Zyc-z-Autyzmem.pdf\" data-type=\"attachment\" data-id=\"766\" target=\"_blank\" rel=\"noreferrer noopener\">1. Informacja dodatkowa.<\/a><\/p>\n\n\n\n<p><a href=\"http:\/\/zyczautyzmem.pl\/wp-content\/uploads\/2025\/05\/rzis-2024-Fundacja-Zyc-z-autyzmem.pdf\" data-type=\"link\" data-id=\"http:\/\/zyczautyzmem.pl\/wp-content\/uploads\/2025\/05\/rzis-2024-Fundacja-Zyc-z-autyzmem.pdf\" target=\"_blank\" rel=\"noreferrer noopener\">2. Rachunek zysk\u00f3w i strat 2024.<\/a><\/p>\n\n\n\n<p><a href=\"http:\/\/zyczautyzmem.pl\/wp-content\/uploads\/2025\/05\/bilans-2024-Fundacja-Zyc-z-autyzmem-2.pdf\" data-type=\"attachment\" data-id=\"765\">3. Bilans.<\/a><\/p>\n\n\n\n<p><a href=\"http:\/\/zyczautyzmem.pl\/wp-content\/uploads\/2025\/05\/sprawozdanie-z-dzialalnosci-za-rok-2024-Fundacja-Zyc-z-Autyzmem.pdf\">4. Sprawozdanie z dzia\u0142alno\u015bci FUNDACJI<\/a><\/p>\n","protected":false},"excerpt":{"rendered":"<p>1. Informacja dodatkowa. 2. Rachunek zysk\u00f3w i strat 2024. 3. Bilans. 4. Sprawozdanie z dzia\u0142alno\u015bci FUNDACJI<\/p>\n","protected":false},"author":2,"featured_media":0,"parent":0,"menu_order":0,"comment_status":"closed","ping_status":"closed","template":"","meta":{"footnotes":""},"_links":{"self":[{"href":"https:\/\/zyczautyzmem.pl\/index.php\/wp-json\/wp\/v2\/pages\/717"}],"collection":[{"href":"https:\/\/zyczautyzmem.pl\/index.php\/wp-json\/wp\/v2\/pages"}],"about":[{"href":"https:\/\/zyczautyzmem.pl\/index.php\/wp-json\/wp\/v2\/types\/page"}],"author":[{"embeddable":true,"href":"https:\/\/zyczautyzmem.pl\/index.php\/wp-json\/wp\/v2\/users\/2"}],"replies":[{"embeddable":true,"href":"https:\/\/zyczautyzmem.pl\/index.php\/wp-json\/wp\/v2\/comments?post=717"}],"version-history":[{"count":11,"href":"https:\/\/zyczautyzmem.pl\/index.php\/wp-json\/wp\/v2\/pages\/717\/revisions"}],"predecessor-version":[{"id":863,"href":"https:\/\/zyczautyzmem.pl\/index.php\/wp-json\/wp\/v2\/pages\/717\/revisions\/863"}],"wp:attachment":[{"href":"https:\/\/zyczautyzmem.pl\/index.php\/wp-json\/wp\/v2\/media?parent=717"}],"curies":[{"name":"wp","href":"https:\/\/api.w.org\/{rel}","templated":true}]}}