{"id":891,"date":"2026-04-04T09:24:59","date_gmt":"2026-04-04T07:24:59","guid":{"rendered":"https:\/\/zyczautyzmem.pl\/?page_id=891"},"modified":"2026-04-04T09:42:40","modified_gmt":"2026-04-04T07:42:40","slug":"projekt-wspolfinansowany-ze-srodkow-panstwowego-funduszu-rehabilitacji-osob-niepelnosprawnych-w-ramach-programu-wyrownywania-roznic-miedzy-regionami-iii-w-obszarze-e","status":"publish","type":"page","link":"https:\/\/zyczautyzmem.pl\/index.php\/projekt-wspolfinansowany-ze-srodkow-panstwowego-funduszu-rehabilitacji-osob-niepelnosprawnych-w-ramach-programu-wyrownywania-roznic-miedzy-regionami-iii-w-obszarze-e\/","title":{"rendered":"Projekt wsp\u00f3\u0142finansowany ze \u015brodk\u00f3w Pa\u0144stwowego Funduszu Rehabilitacji Os\u00f3b Niepe\u0142nosprawnych\u00a0 w ramach \u201eProgramu wyr\u00f3wnywania r\u00f3\u017cnic mi\u0119dzy regionami III\u201d w obszarze E."},"content":{"rendered":"\n<figure class=\"wp-block-image size-large\"><img decoding=\"async\" loading=\"lazy\" width=\"1024\" height=\"541\" src=\"https:\/\/zyczautyzmem.pl\/wp-content\/uploads\/2026\/04\/PFRON_wersja_podstawowa_RGB-01-3-1024x541.jpg\" alt=\"\" class=\"wp-image-899\" srcset=\"https:\/\/zyczautyzmem.pl\/wp-content\/uploads\/2026\/04\/PFRON_wersja_podstawowa_RGB-01-3-1024x541.jpg 1024w, https:\/\/zyczautyzmem.pl\/wp-content\/uploads\/2026\/04\/PFRON_wersja_podstawowa_RGB-01-3-300x159.jpg 300w, https:\/\/zyczautyzmem.pl\/wp-content\/uploads\/2026\/04\/PFRON_wersja_podstawowa_RGB-01-3-768x406.jpg 768w, https:\/\/zyczautyzmem.pl\/wp-content\/uploads\/2026\/04\/PFRON_wersja_podstawowa_RGB-01-3-1536x812.jpg 1536w, https:\/\/zyczautyzmem.pl\/wp-content\/uploads\/2026\/04\/PFRON_wersja_podstawowa_RGB-01-3-2048x1083.jpg 2048w, https:\/\/zyczautyzmem.pl\/wp-content\/uploads\/2026\/04\/PFRON_wersja_podstawowa_RGB-01-3-973x514.jpg 973w, https:\/\/zyczautyzmem.pl\/wp-content\/uploads\/2026\/04\/PFRON_wersja_podstawowa_RGB-01-3-508x269.jpg 508w\" sizes=\"(max-width: 1024px) 100vw, 1024px\" \/><\/figure>\n\n\n\n<p>Tytu\u0142 projektu: \u201eDzienny o\u015brodek wsparcia z zespo\u0142em mieszka\u0144 wspomaganych przeznaczony dla os\u00f3b doros\u0142ych ze spektrum autyzmu\u201d<\/p>\n\n\n\n<p>Beneficjent:&nbsp;Fundacja \u201e\u017by\u0107 z autyzmem\u201d<\/p>\n\n\n\n<p>Warto\u015b\u0107 dofinansowania UE:&nbsp;20 047 977,37 z\u0142<\/p>\n\n\n\n<p>Warto\u015b\u0107 wsp\u00f3\u0142finansowania krajowego z bud\u017cetu pa\u0144stwa: 298 763,36 z\u0142<\/p>\n\n\n\n<p>Warto\u015b\u0107 ca\u0142kowita projektu:&nbsp;24 074 630,85 z\u0142<\/p>\n\n\n\n<p>Warto\u015b\u0107 refundacji wymaganego wk\u0142adu w\u0142asnego przez PFRON: 3 237 500,00 z\u0142<\/p>\n\n\n\n<p>Termin realizacji projektu od dnia 01.08.2024r. do dnia 31.12.2027r.<\/p>\n\n\n\n<p>Opis projektu:&nbsp;<\/p>\n\n\n\n<p>W dniu 13.03.2025r. zosta\u0142a zawarta umowa o dofinansowanie Projektu w ramach dzia\u0142ania 7.6 Infrastruktura us\u0142ug i integracji spo\u0142ecznej (typ projektu 1 a-e, 2) Priorytetu VII Lepsza dost\u0119pno\u015b\u0107 do us\u0142ug spo\u0142ecznych i zdrowotnych programu Fundusze Europejskie dla Lubelskiego 2021-2027 \u2013 umowa nr FELU.07.06-IZ.00-0008\/24-00.<\/p>\n\n\n\n<p>W grudniu 2025r. zosta\u0142a zawarta umowa o dofinansowanie projektu w ramach \u201eProgramu wyr\u00f3wnania r\u00f3\u017cnic mi\u0119dzy regionami III\u201d w obszarze E &#8211; umowa nr WRR\/000566\/03\/D. Przedmiotem umowy jest refundacja ze \u015brodk\u00f3w PFRON wymaganego wk\u0142adu w\u0142asnego w w\/w projekcie.&nbsp;<\/p>\n\n\n\n<p>G\u0142\u00f3wnym celem projektu jest podniesienie dost\u0119pno\u015bci do us\u0142ug spo\u0142ecznych zindywidualizowanych do potrzeb os\u00f3b ze spektrum autyzmu z terenu gmin Jastk\u00f3w i Lublin poprzez budow\u0119 dziennego o\u015brodka wsparcia z zespo\u0142em mieszka\u0144 wspomaganych, treningowych i wytchnieniowych.<\/p>\n\n\n\n<p>W ramach projektu zostanie zbudowany nowy, innowacyjny budynek, w pe\u0142ni dostosowany do potrzeb os\u00f3b z niepe\u0142nosprawno\u015bci\u0105, o powierzchni zabudowy &#8211; 603,8 m2. W budynku, poza mieszkaniami wspomaganymi, treningowymi i wytchnieniowymi (7 mieszka\u0144) powstanie o\u015brodek wsparcia dziennego, w kt\u00f3rym \u015bwiadczone b\u0119d\u0105 us\u0142ugi spo\u0142eczne ukierunkowane na: rehabilitacj\u0119, arteterapi\u0119 (warsztaty plastyczne, warsztaty z garncarstwa, warsztaty stolarskie), terapi\u0119 integracji sensorycznej, trening personalny na si\u0142owni\/sali gimnastycznej; trening umiej\u0119tno\u015bci spo\u0142ecznych oraz terapi\u0119 zaj\u0119ciow\u0105.<\/p>\n\n\n\n<p>Szczeg\u00f3\u0142owe zadania w projekcie:<\/p>\n\n\n\n<p>1) Opracowanie dokumentacji projektowej;<\/p>\n\n\n\n<p>2) Opracowanie studium wykonalno\u015bci;<\/p>\n\n\n\n<p>3) Opracowanie dokumentacji niezb\u0119dnej do wyboru wykonawc\u00f3w;<\/p>\n\n\n\n<p>4) Wykonanie rob\u00f3t konstruktorsko \u2013 budowlanych, wyko\u0144czeniowych i instalacji&nbsp; wewn\u0119trznych dotycz\u0105cych infrastruktury mieszka\u0144 wspomaganych, treningowych i wytchnieniowych;<\/p>\n\n\n\n<p>5) Wykonanie rob\u00f3t konstruktorsko-budowlanych, wyko\u0144czeniowych oraz instalacji wewn\u0119trznych;<\/p>\n\n\n\n<p>6) Wykonanie zagospodarowania terenu i instalacji zewn\u0119trznych dotycz\u0105cych infrastruktury mieszka\u0144 wspomaganych;<\/p>\n\n\n\n<p>7) Wykonanie zagospodarowania terenu i instalacji zewn\u0119trznych;<\/p>\n\n\n\n<p>8) Wyposa\u017cenie mieszka\u0144 wspomaganych, treningowych i wytchnieniowych;<\/p>\n\n\n\n<p>9) Wyposa\u017cenie dziennego o\u015brodka wsparcia;<\/p>\n\n\n\n<p>10) Nadz\u00f3r inwestorski nad robotami budowlanymi;<\/p>\n\n\n\n<p>11) Nadz\u00f3r inwestorski nad robotami budowlanymi zwi\u0105zany z infrastruktur\u0105 mieszkaniow\u0105;<\/p>\n\n\n\n<p>12) Doradztwo psychologiczne w celu opracowania Indywidualnego Planu Dzia\u0142ania;<\/p>\n\n\n\n<p>13) Podniesienie kwalifikacji pracownik\u00f3w \u2013 studia podyplomowe;<\/p>\n\n\n\n<p>14) Podniesienie kwalifikacji pracownik\u00f3w \u2013 szkolenia, kursy;<\/p>\n\n\n\n<p>15) Koszty po\u015brednie.<\/p>\n\n\n\n<p>Grup\u0119 docelow\u0105 projektu stanowi\u0105 osoby ze spektrum autyzmu (ASD) maj\u0105ce trudno\u015bci w nawi\u0105zywaniu kontakt\u00f3w i przestrzeganiu regu\u0142 spo\u0142ecznych, a tak\u017ce ze zrozumieniem reakcji i emocji innych ludzi oraz cz\u0119sto wyra\u017caj\u0105 w\u0142asne uczucia w nietypowy spos\u00f3b.<\/p>\n\n\n\n<p>Najwa\u017cniejsz\u0105 potrzeb\u0105 tych os\u00f3b, kt\u00f3ra b\u0119dzie mog\u0142a by\u0107 zaspokojona dzi\u0119ki projektowi, jest terapia i rehabilitacja pozwalaj\u0105ca lepiej zrozumie\u0107 otaczaj\u0105cy ich \u015bwiat a w przypadku doros\u0142ych os\u00f3b autystycznych miejsce pozwalaj\u0105ce na trening usamodzielnienia pod okiem wykwalifikowanego opiekuna, m.in. w formie mieszka\u0144 wspomaganych, treningowych i wytchnieniowych.<\/p>\n\n\n\n<p>W efekcie realizacji projektu powstanie nowoczesny obiekt dostosowany do potrzeb os\u00f3b z niepe\u0142nosprawno\u015bciami, w kt\u00f3rym b\u0119d\u0105 realizowane us\u0142ugi spo\u0142eczne. Tego typu obiekt\u00f3w brakuje w regionie. Usprawnienia dla os\u00f3b z niepe\u0142nosprawno\u015bci\u0105, sfinansowane w ramach projektu, stanowi\u0105 odpowied\u017a na potrzeby opiekun\u00f3w i rodzic\u00f3w os\u00f3b z niepe\u0142nosprawno\u015bci\u0105. Pozwoli to na prowadzenie dzia\u0142a\u0144 diagnostyczno-terapeutycznych, kt\u00f3re maj\u0105 przygotowa\u0107 u\u017cytkownik\u00f3w do prowadzenia samodzielnego \u017cycia w spo\u0142ecze\u0144stwie. Szeroki wachlarz terapii i trening\u00f3w personalnych jako dedykowana forma wsparcia os\u00f3b z ASD to potrzeba zar\u00f3wno samych os\u00f3b dotkni\u0119tych zaburzeniem jaki i ich najbli\u017cszych.<\/p>\n\n\n\n<p>Rezultatem realizacji projektu b\u0119dzie zwi\u0119kszenie liczby odbiorc\u00f3w us\u0142ug spo\u0142ecznych \u015bwiadczonych w dziennym o\u015brodku wsparcia, kt\u00f3rzy skorzystaj\u0105 w ci\u0105gu roku z us\u0142ug spo\u0142ecznych w ramach wspartej infrastruktury.<\/p>\n\n\n\n<p>Inwestycja ju\u017c w toku, w pa\u017adzierniku 2025r. rozpocz\u0119\u0142y si\u0119 prace budowlane.<\/p>\n","protected":false},"excerpt":{"rendered":"<p>Tytu\u0142 projektu: \u201eDzienny o\u015brodek wsparcia z zespo\u0142em mieszka\u0144 wspomaganych przeznaczony dla os\u00f3b doros\u0142ych ze spektrum autyzmu\u201d Beneficjent:&nbsp;Fundacja \u201e\u017by\u0107 z autyzmem\u201d Warto\u015b\u0107 dofinansowania UE:&nbsp;20 047 977,37 z\u0142 Warto\u015b\u0107 wsp\u00f3\u0142finansowania&#8230;<\/p>\n","protected":false},"author":1,"featured_media":0,"parent":0,"menu_order":0,"comment_status":"closed","ping_status":"closed","template":"","meta":{"footnotes":""},"_links":{"self":[{"href":"https:\/\/zyczautyzmem.pl\/index.php\/wp-json\/wp\/v2\/pages\/891"}],"collection":[{"href":"https:\/\/zyczautyzmem.pl\/index.php\/wp-json\/wp\/v2\/pages"}],"about":[{"href":"https:\/\/zyczautyzmem.pl\/index.php\/wp-json\/wp\/v2\/types\/page"}],"author":[{"embeddable":true,"href":"https:\/\/zyczautyzmem.pl\/index.php\/wp-json\/wp\/v2\/users\/1"}],"replies":[{"embeddable":true,"href":"https:\/\/zyczautyzmem.pl\/index.php\/wp-json\/wp\/v2\/comments?post=891"}],"version-history":[{"count":6,"href":"https:\/\/zyczautyzmem.pl\/index.php\/wp-json\/wp\/v2\/pages\/891\/revisions"}],"predecessor-version":[{"id":905,"href":"https:\/\/zyczautyzmem.pl\/index.php\/wp-json\/wp\/v2\/pages\/891\/revisions\/905"}],"wp:attachment":[{"href":"https:\/\/zyczautyzmem.pl\/index.php\/wp-json\/wp\/v2\/media?parent=891"}],"curies":[{"name":"wp","href":"https:\/\/api.w.org\/{rel}","templated":true}]}}